s + 56. What is p(-101)?
-348
Let s(o) = 18340*o**2 - 990364*o + 210. Give s(54).
-6
Let n(w) = -w**3 - 14*w**2 + 41*w - 147. Calculate n(4).
-271
Let g(i) = 4*i**2 + 194*i - 128. What is g(-50)?
172
Let w(f) = -5166*f + 542406. Determine w(105).
-24
Let h(a) = 4884*a - 14372. Calculate h(3).
280
Let f(z) = 39*z**2 - 654*z - 29. Give f(17).
124
Let i(g) = -2*g**3 + 743*g**2 + 2627*g - 632. Calculate i(375).
118
Let f(z) = -z**2 - 764*z + 143506. What is f(156)?
-14
Let s(i) = 2*i**3 - 837*i**2 + 1168*i + 34746. What is s(417)?
135
Let g(b) = b**3 + 178*b**2 - 5085*b - 2026. What is g(-203)?
4
Let h(v) = -3*v**2 - 48569*v + 388743. Calculate h(8).
-1
Let l(d) = 2116*d + 6357. Calculate l(-3).
9
Let r(h) = 84096*h + 1681927. What is r(-20)?
7
Let p(r) = 7*r**2 + 1175*r + 24849. Calculate p(-143).
-33
Let c(i) = -897691*i - 897689. Determine c(-1).
2
Let z(h) = -2*h**3 - 134*h**2 + 473*h - 6735. Determine z(-71).
10
Let s(u) = 199*u**3 - 5965*u**2 - 159*u + 274. Calculate s(30).
4
Let a(w) = 7408*w + 3244741. What is a(-438)?
37
Let x(k) = -7*k**2 - 346*k + 1035. Determine x(4).
-461
Let p(h) = 1860*h - 1587. Calculate p(1).
273
Let j(n) = 44*n - 10355. What is j(277)?
1833
Let p(w) = 571*w - 101125. Determine p(176).
-629
Let a(s) = -652*s**2 - 27384*s + 10. Calculate a(-42).
10
Let x(z) = z**3 - 45*z**2 - 1635*z + 72409. Determine x(47).
-18
Let x(r) = -r**3 + 52*r**2 - 116*r - 169. Give x(49).
1350
Let i(g) = 1415*g - 640992. Determine i(453).
3
Let q(h) = 24801*h - 371989. Give q(15).
26
Let b(o) = 2*o**2 - 34*o - 660. Give b(-13).
120
Let u(w) = w**3 + 938*w**2 - 11845*w + 492617. What is u(-951)?
-1
Let y(i) = -3*i**3 - 92*i**2 - 55*i + 102. What is y(-30)?
-48
Let v(n) = 18028*n**2 + 216271*n - 771. Determine v(-12).
9
Let j(x) = -1201451*x - 37244974. What is j(-31)?
7
Let z(k) = 25415*k - 457494. Give z(18).
-24
Let k(l) = l**3 + 66*l**2 + 659*l - 1458. Give k(-53).
132
Let v(z) = -z**3 - 199*z**2 + 7384*z - 1822. Determine v(-231).
26
Let j(x) = x**2 + x - 1969. Calculate j(-68).
2587
Let f(p) = 1843*p + 27755. Calculate f(-15).
110
Let m(w) = 1700*w - 36132. Give m(21).
-432
Let j(u) = 1859560*u - 9297790. Determine j(5).
10
Let q(t) = t**3 + 91*t**2 + 82*t - 2973. Calculate q(-90).
-2253
Let i(l) = -l**2 + 9720*l + 734630. Determine i(-75).
5
Let z(c) = 3*c**3 - 131*c**2 - 2046*c + 81. What is z(56)?
1537
Let v(l) = 2*l**2 - 56*l - 1780. Give v(47).
6
Let f(w) = -55*w**2 + 2368*w - 2437. Give f(42).
-1
Let c(z) = 110002*z + 220005. What is c(-2)?
1
Let o(m) = m**2 + 59*m + 653. What is o(0)?
653
Let h(b) = -3*b**2 + 109*b + 262135. Determine h(-278).
-19
Let s(q) = 2*q**3 + 129*q**2 - 341*q - 967. What is s(-67)?
-565
Let m(j) = 428*j + 68075. Give m(-159).
23
Let p(v) = 38*v**2 + 1014*v - 52. Calculate p(-26).
-728
Let p(w) = -3*w**2 + 256*w + 4175. Calculate p(-14).
3
Let t(p) = -6*p**2 + 828*p + 369. Give t(137).
1191
Let n(z) = -41*z**2 - 879*z - 431. Give n(-21).
-53
Let c(f) = -444*f - 51078. Give c(-115).
-18
Let v(q) = q**2 + 1679*q - 196798. What is v(110)?
-8
Let t(b) = 2*b**3 + 366*b**2 + 5947*b + 126. Give t(-18).
0
Let d(k) = -257*k + 31654. Determine d(126).
-728
Let a(v) = -28*v**2 + 220*v + 705. Calculate a(10).
105
Let s(v) = -63*v**2 - 66*v + 841. Give s(-4).
97
Let w(h) = h**2 - 46683*h - 373514. Give w(-8).
14
Let t(i) = 2*i**2 + 47*i + 195. What is t(-7)?
-36
Let i(g) = -g**3 - 4*g**2 + 3895*g + 27225. Calculate i(-7).
107
Let h(l) = 3*l**3 + 7*l**2 - 42*l + 255. What is h(6)?
903
Let o(x) = -1256*x - 690807. Calculate o(-550).
-7
Let r(p) = -2375*p - 97377. Determine r(-41).
-2
Let h(u) = -39218*u - 274573. Calculate h(-7).
-47
Let u(i) = 536*i + 8740. What is u(-16)?
164
Let f(h) = -103*h**2 - 323*h + 13230. Give f(-13).
22
Let w(r) = 304*r**3 - 854*r**2 + 851*r + 4. What is w(1)?
305
Let k(u) = 6*u**2 - 1460*u + 1956. What is k(242)?
20
Let k(z) = -2*z**3 - 1242*z**2 - 1266*z - 16103. Give k(-620).
17
Let v(y) = -442*y + 64251. What is v(145)?
161
Let i(w) = 1366*w + 5251. Determine i(-4).
-213
Let y(b) = -3464*b**2 - 17276*b + 225. Give y(-5).
5
Let m(t) = -2073*t - 136835. What is m(-66)?
-17
Let z(v) = 2*v**3 + 32*v**2 - 1664*v - 220. What is z(22)?
-44
Let s(h) = h**3 - 86*h**2 - 17192*h - 528. What is s(181)?
15
Let b(p) = 1014*p - 383404. Calculate b(378).
-112
Let x(w) = -3390*w + 50805. Calculate x(15).
-45
Let c(t) = -209*t - 25220. Determine c(-120).
-140
Let j(q) = -56*q**2 + 4486*q + 22. Calculate j(80).
502
Let n(d) = -6*d**2 + 398*d + 1967. Calculate n(-5).
-173
Let n(v) = v**3 - 16*v**2 - 33*v + 74. Give n(-6).
-520
Let x(l) = -7*l**3 + 54*l**2 + 102*l - 529. Give x(7).
430
Let r(c) = -c**2 - 1735*c - 253343. Give r(-161).
71
Let n(k) = 2325*k + 376612. Determine n(-162).
-38
Let n(k) = -462*k + 13955. Give n(30).
95
Let h(g) = -4*g + 2909. Give h(-121).
3393
Let o(s) = 3*s**3 + 106*s**2 + 37*s + 83. Determine o(-35).
13
Let b(u) = -u**2 - 3688*u - 740337. Determine b(-213).
-162
Let b(v) = -4538*v + 22693. Give b(5).
3
Let f(o) = -226*o**2 - 632*o - 641. Determine f(-1).
-235
Let i(z) = -629*z + 261399. What is i(418)?
-1523
Let p(d) = d**3 + 78*d**2 + 293*d - 182. What is p(-74)?
40
Let a(u) = 1487*u - 44616. Calculate a(30).
-6
Let k(f) = f**2 + 1828*f - 16382. Calculate k(9).
151
Let k(r) = -4*r**2 - 59*r + 12629. Give k(-63).
470
Let z(i) = 92861*i + 12257655. Determine z(-132).
3
Let b(m) = m**3 + 139*m**2 + 1020*m + 46905. Determine b(-134).
5
Let o(c) = 155*c**3 + 7*c**2 - 11*c - 28. Calculate o(-2).
-1218
Let o(l) = l**3 + 643*l**2 + 28577*l + 10112. What is o(-595)?
-3
Let i(p) = -4*p**3 + 891*p**2 + 7324*p - 478. What is i(-8)?
2
Let n(y) = 21*y**2 - 45*y + 67. Determine n(10).
1717
Let g(i) = 8568*i + 8549. Calculate g(-1).
-19
Let j(q) = 30*q**2 + 2244*q + 41096. Determine j(-32).
8
Let g(q) = -773*q + 107522. What is g(139)?
75
Let s(i) = -i**2 - 40845*i + 245152. Determine s(6).
46
Let v(x) = 51*x**3 + 764*x**2 + 394*x + 6116. Give v(-15).
-19
Let t(l) = 338100*l - 2028619. Give t(6).
-19
Let x(p) = 3*p**2 - 11739*p + 82088. What is x(7)?
62
Let x(l) = -l**3 - 2*l**2 - 151*l + 719. Determine x(0).
719
Let w(o) = -3*o**3 + 13*o**2 - 444*o - 5. What is w(0)?
-5
Let x(f) = -f**3 - 140*f**2 - 7384*f - 1061010. What is x(-141)?
15
Let y(n) = -3*n**3 + 247*n**2 + 475*n - 45672. Give y(82).
2
Let h(n) = -405679*n + 1217043. What is h(3)?
6
Let k(o) = -2829*o + 59963. Give k(21).
554
Let m(u) = -u**3 + u**2 + 11*u + 923. Determine m(0).
923
Let a(t) = -t**3 + 136*t**2 - 3665*t - 45. Give a(35).
-4595
Let y(g) = -3*g**2 + 28*g + 200. Determine y(14).
4
Let v(t) = 2*t**3 + 3120*t**2 - 18786*t - 23. Calculate v(6).
13
Let f(t) = 30053*t - 11540361. Determine f(384).
-9
Let p(t) = t**2 + 20286*t + 141947. Determine p(-7).
-6
Let m(i) = -65*i - 2071. What is m(-13)?
-1226
Let z(i) = -60*i**2 - 476*i - 768. Calculate z(-6).
-72
Let o(h) = 109*h**2 - 1446*h + 4320. Determine o(3).
963
Let o(m) = -m**3 - 4*m**2 + 287*m + 2179. Determine o(-9).
1
Let a(r) = -r**3 + 135*r**2 - 3511*r + 953. Determine a(100).
-147
Let d(a) = 136*a - 1212. Calculate d(9).
12
Let h(s) = 5154*s + 247397. Calculate h(-48).
5
Let x(j) = -2247*j + 24714. What is x(11)?
-3
Let j(r) = -12*r**2 - 3905*r - 1533. Give j(-325).
92
Let p(b) = -b**3 + 10*b**2 + 60*b + 669. What is p(18)?
-843
Let o(l) = 2*l**3 - 1472*l**2 + 398*l - 292921. Give o(736).
7
Let m(g) = -9*g**2 - 100*g - 2. Give m(-11).
9
Let h(u) = -64*u**2 + 1266*u + 2. Give h(20).
-278
Let b(i) = -26*i**3 + 8661*i**2 - 1047*i + 15990. Give b(333).
6
Let m(h) = -12*h**2 - 222*h + 1908. Determine m(7).
-234
Let t(l) = -30*l**2 - 14*l - 45. Give t(-6).
-1041
Let q(d) = -d**3 + 673*d**2 - 3346*d + 37. Determine q(5).
7
Let n(o) = -o**3 + 25*o**2 + 68*o + 1382. Give n(29).
-10
Let z(v) = -500*v + 62035. Determine z(124).
35
Let p(d) = -17647*d + 18237. Calculate p(1).
590
Let q(g) = 6497*g + 656192. Give q(-101).
-5
Let i(c) = -3*c**3 - 662*c**2 - 181*c - 88839. Determine i(-221).
3
Let a(y) = -2*y**3 - 1088*y**2 - 6514*y - 163. Calculate a(-6).
185
Let f(d) = 4*d**2 - 225*d - 632. Determine f(-3).
79
Let h(k) = -k**3 - k**2 + 2*k - 263. Calculate h(-8).
169
Let j(y) = -8*y**2 - 51224*y - 204804. Calculate j(-4).
-36
Let p(j) = 235*j + 35925. Determine p(-151).
440
